)). Let b = u + -47. Let y(k) = k. What is y(b)?
-6
Let t(o) = o**3 + 16*o**2 - o - 10. Let v = -531 + 515. Determine t(v).
6
Let r = 8 - 9. Let m(v) = -v**3 + v**2 + v + 1. Let j(k) = 7*k**3 - 11*k**2 - 3*k - 6. Let i(a) = r*j(a) - 6*m(a). What is i(3)?
9
Let y(p) = -2*p - 4. Let b be (-80 - -79)*(5 + (2 - 0)). Determine y(b).
10
Let v(r) = -r**3 - 9*r**2 + r + 7. Let a(o) = 2*o**2 + 21*o + 1. Let c be a(-10). Calculate v(c).
-2
Let h(p) = -4*p**2 - 6*p + 9. Let n(a) = 5*a**2 + 7*a - 9. Let f(k) = -6*h(k) - 5*n(k). Calculate f(0).
-9
Let x(a) = -a + 2. Let c be 15/5 + -4 + 10. Suppose -5*m + 26 = -c. What is x(m)?
-5
Let u(j) = -4*j - 14. Let b(m) = 5*m. Let c(y) = 3*b(y) + 3*u(y). Give c(16).
6
Suppose -3*a + 13 = -2. Let z(s) = 7 - 3 - a - 2*s - 1. Let w be (1*2)/(6/(-9)). What is z(w)?
4
Let y(g) = g**3 + g - 6. Let k = -35 + 16. Let a = k - -20. Let j(w) = -w**2 - w. Let o(n) = a*y(n) + 4*j(n). Determine o(5).
4
Let y(x) = 2 - 5 + x + 2 + 0. Let d(r) = 2*r - 18. Let m be d(-9). Let l = m + 35. What is y(l)?
-2
Let m(c) = 4*c - 16. Let s(z) = 1. Let d(y) = m(y) + 24*s(y). Give d(-6).
-16
Let b(m) = -m**3 - 4*m**2 - 2*m - 1. Let f(n) = 3*n**3 + 12*n**2 + 6*n + 4. Let p(i) = 7*b(i) + 2*f(i). Suppose 3*a + 0*a + 9 = 0. Calculate p(a).
-2
Let q(h) = 4 + 19*h + 2 - 7*h - 11*h. Suppose -2*i + 2*c + 22 = 0, -i + 38 = 2*i - 4*c. Give q(i).
12
Let a(i) = 2*i**2 - 7*i + 2. Let p be a(4). Suppose -t - p = t. Let v(c) = -c**3 - 4*c**2 - 3*c. What is v(t)?
0
Let m(w) = 5*w + 99. Let c be m(-19). Let l(r) be the second derivative of 1/12*r**4 + 1/2*r**2 + 0 + c*r - 5/6*r**3. Determine l(5).
1
Let v(d) = -d - 2. Suppose 0 = -2*s + 5*t + 50, 0*t + 62 = 2*s + t. Suppose -12 = -s*m + 26*m. Calculate v(m).
-5
Let t(r) = 3*r**3 - 10*r**2 + 2*r - 2. Let c(v) = v**3 - v**2 - v. Let q(h) = h - 5. Let s be q(6). Let z(a) = s*t(a) - 4*c(a). Determine z(-7).
5
Let z(n) = -n + 3. Let x(v) = -2*v + 4. Let o(l) = -6*x(l) + 11*z(l). Calculate o(-9).
0
Let o(y) = y + 2. Suppose 2*c - 30 = -3*c. Let k(a) = a**3 - 6*a**2 + 4*a + 4. Let f be k(c). Let d be (f/21)/(2/(-3)). Determine o(d).
0
Let m(b) = -b**3 - 7*b**2 + b + 8. Let r(g) = -g**3 - 18*g**2 - 6*g + 180. Let f be r(-17). Calculate m(f).
1
Let m(j) = 5*j + 5. Let a(i) = 12*i + 15. Let n(d) = 2*a(d) - 5*m(d). What is n(-5)?
10
Let j(k) = -k**3. Let q(x) = -5*x**3 - 22*x**2 + 23*x + 3. Let l(n) = 4*j(n) - q(n). Give l(-23).
-3
Let g(r) = 1 - 5*r + 2 + 371*r**2 - 370*r**2. Suppose 2*o = 4*h - 8, 2 - 1 = 5*o - 3*h. Let j be (o*-1)/((-2)/3). Determine g(j).
-3
Let o(y) = y**2 + 17*y + 21. Let p be 3/6*(-128)/4. What is o(p)?
5
Let o = 4 - 2. Let g be o - (2 + -1 - 2). Let d(i) = 3*i - i**2 - 38 + 4 + 30. What is d(g)?
-4
Let h(w) be the first derivative of w**5/20 - 5*w**4/12 + 2*w**3/3 - w**2 - 30*w - 33. Let x(a) be the first derivative of h(a). Give x(3).
-8
Let b be -5 + 2 + (1 - -6). Let r(q) = 35*q + 6. Let d(h) = 76*h + 13. Let k(j) = -6*d(j) + 13*r(j). Calculate k(b).
-4
Let i(m) = 3 - 3*m + 8*m - 2*m + m**2 - 10*m - 1. Determine i(7).
2
Let s(k) be the second derivative of 0 + 18*k + 7/3*k**3 + 0*k**2. What is s(-1)?
-14
Let t(n) = 3*n + n**2 - 2855 + 1424 + 1425. What is t(-6)?
12
Let i(b) = -b**3 + 9*b**2 - 9*b + 7. Let u = -66 - -73. Let m(v) = 7*v - 41. Let j be m(u). Determine i(j).
-1
Let z(n) = 2*n - n**2 - 4*n - 6*n + 0*n**2 + 0*n**2 + 7. Determine z(-8).
7
Let t(d) = 3*d - 1. Let o be t(3). Let s = 4 + o. Suppose -s = 5*j + j. Let p(h) = h**2 + 3*h. Calculate p(j).
-2
Let l(c) = c. Let r(i) = 5*i + 4. Let w(q) = 6*l(q) - r(q). Let m be w(7). Suppose -2*a = 3*a - 4*f - m, -3*f = -3*a. Let o(y) = 2*y**2 - y. Determine o(a).
15
Suppose -1 = 4*b + 23. Let v(y) = 8*y + 1. Let g = -7 - -14. Let i(r) = 7*r + 1. Let a(l) = b*v(l) + g*i(l). What is a(2)?
3
Let w(a) = -1. Let i(v) = -v**3 + 8*v**2 - 6*v - 12. Let b(f) = -i(f) + 4*w(f). Calculate b(6).
-28
Let s be -8*6/6*-2. Suppose 0 = -6*x + s + 14. Let a(r) = 2*r + 4. Calculate a(x).
14
Suppose p = 4*x + 3, 5*x + 3 = 2*p - 9. Let r = p - 11. Let g(t) = -t**3 - t**2 + t + 8. Determine g(r).
8
Let v(s) = -s**3 + 4*s**2 + 2*s - 3. Let m = -21 + 16. Let d(l) = -2*l - 7. Let t be d(m). Suppose -b = -2*b + t. What is v(b)?
12
Let n(f) be the second derivative of -1/12*f**4 + 1/2*f**2 - f - 1/3*f**3 + 0. Let u = -1542 - -1543. What is n(u)?
-2
Let w be -1*(1 + -2) - -2. Let h(k) = 2*k + 5. Let o(z) = z**2 + 3. Let p(c) = h(c) - 2*o(c). Determine p(w).
-13
Let s(l) = -12*l**2 + l + 1. Let w be -2 - -1*(-26 - -1). Let i be -2*(w/(-6) - 4). Calculate s(i).
-12
Let d be ((-384)/(-36))/(-16)*(-6)/8. Let p(t) be the first derivative of -4*t - d*t**2 + 2. What is p(-4)?
0
Let b(m) = m**2 + 6*m - 17. Let o be b(-14). Let z = -90 + o. Let s(f) = -f**3 + 6*f**2 - 7*f + 3. Calculate s(z).
-7
Suppose 5*y = 7*k + 5 - 6, -5*y - 7 = -4*k. Let b(s) = -4*s - 3. What is b(y)?
9
Let v(p) = -5*p + 4. Let d = 67 + -65. Determine v(d).
-6
Let l(u) = -3*u**2 + 6*u - 5. Let s(d) = -10*d**2 + 17*d - 15. Let k(z) = -7*l(z) + 2*s(z). Let m = 2385 - 2380. Calculate k(m).
-10
Let j(h) = 4*h - 3. Let g(p) = p. Let d(a) = -15*g(a) + 3*j(a). Suppose -106*t + 100*t - 42 = 0. Determine d(t).
12
Let c be (-9)/(-12)*(0 - 4) - 1. Let k(u) be the second derivative of -u**5/20 - u**4/3 + u**3/6 + 3*u**2/2 + u. Determine k(c).
-1
Let i(r) = -r**2 - 4*r + 1. Let m be (-24)/30 - -1*63/(-15). Calculate i(m).
-4
Let i(k) = 6*k**2 + k - 2. Let u be i(-1). Suppose -4*n + 3 = -n - u*m, -2*m = -4*n + 6. Let h(g) = g**3 - 2*g**2. What is h(n)?
0
Let t(a) = -a**3 + 4*a**2 - 2. Let c(p) = -p**2 + 1. Let h(s) = -2*c(s) - t(s). Suppose -g = -f - 2, -43*g = -f - 46*g + 14. Calculate h(f).
0
Let j(w) be the second derivative of w**5/120 + w**4/4 - 25*w**3/6 - 13*w. Let c(s) be the second derivative of j(s). Give c(-4).
2
Let b(f) = 0*f**2 - 5 + 4 + f**2 + 6 + 3*f. Calculate b(-3).
5
Let a(j) = -13*j**2 + 4*j - 7. Let p(o) = 9*o**2 - 4*o + 6. Let f(x) = 3*a(x) + 4*p(x). Calculate f(-4).
-29
Let u(p) = p**3 - 33*p**2 + p + 22. Let f(j) = j**3 - 28*j**2 + 22. Let o(d) = 5*f(d) - 4*u(d). Determine o(8).
-10
Let c(s) = -6*s + 2. Let j(r) = 140*r - 832. Let b be j(6). Give c(b).
-46
Let y = -40 - -45. Suppose y*v = g - 22, -3 = -2*g + v - 4. Let t(w) = w - 1. Determine t(g).
-4
Let o(v) = v**3 - 5*v**2 - v + 7. Suppose 3*z = 4*u + 2, 5*z - u + 4*u = 13. Suppose -q + 5*a = -28 - z, -4*q - 2*a = -10. Calculate o(q).
2
Suppose 3*d - 29 = -4*c, -5*c - 18 = -5*d + d. Let x(z) = d - 7*z - 3 - 6 - z**2. Determine x(-7).
-2
Let z(s) = s**2 - 2*s - 13. Let i(n) = -n. Let d(k) = 4*i(k) - z(k). What is d(-4)?
5
Let i(f) be the second derivative of -11*f**5/20 + f**4/12 - f**3/6 + 300*f. Give i(1).
-11
Let t(p) be the third derivative of -1/2*p**3 + 7/24*p**4 + 4*p**2 + 0 - 1/60*p**5 - p. Suppose -b + 6 = -0*b. Determine t(b).
3
Let v(c) = c**2 + c + 2. Suppose -2*w = -2*k, -5 = -w - 3*k - 9. Determine v(w).
2
Let s(a) be the first derivative of a**2/2 - 10*a - 2. Suppose -2*w = 2*u - 16, 11 = 4*u - 1. Suppose -15 = w*o, g - 2*o - 27 = -2*g. Determine s(g).
-3
Let r(k) = -2*k**2 - 5*k + 12. Suppose 5*z - 4*y = -37, z + 4*y - 10 = -y. Calculate r(z).
-13
Let p(h) be the third derivative of 5*h**4/12 + h**3/3 - 322*h**2. Give p(-1).
-8
Let c = 16 - 25. Let d(y) = 7*y - 45. Let i(k) = -3*k + 22. Let g(x) = c*i(x) - 4*d(x). Calculate g(0).
-18
Let p(h) = -3*h + 3*h**2 - 1 - 1 - 1 - h**3 + 5. Give p(3).
-7
Suppose -34*r - 24 = -37*r. Let w(y) = -y**3 + 9*y**2 - 7*y. Give w(r).
8
Let x(b) = -7*b**2 + b**3 - 41 - 5*b + b**2 + 80 - 47. Calculate x(7).
6
Suppose -7*a + 2*a = -d + 32, 5*d - 133 = -2*a. Let t(o) = o**2 - d*o**3 - 6*o**2 + 3*o - 6 + 26*o**3. Calculate t(-6).
12
Let n(x) = x**2 + 0*x - x**2 + 2*x - 20682*x**3 + 20683*x**3. Give n(2).
12
Let t(q) be the third derivative of -q**5/20 + 5*q**4/24 - 2*q**3/3 - 294*q**2. Calculate t(3).
-16
Let b(c) be the third derivative of 0 - 1/6*c**3 - 10*c**2 + 0*c + 7/24*c**4. Calculate b(-1).
-8
Let r(w) = w**3 - 8*w**2 + w - 6. Let n be (-6 + (-78)/(-9))*3. What is r(n)?
2
Let u(v) = 2*v**2 - 15*v + 14. Let r be u(7). Let z(b) = -b**2 + 6*b + 5. What is z(r)?
-2
Let d(i) = -10*i**2 - 2*i + 20*i**2 + 1 - 9*i**2. Let m(h) = -2*h - 17. Let g be m(-10). Calculate d(g).
4
Let p(x) = -7 + 53*x**2 